r when 2898 is divided by 83?
76
Calculate the remainder when 454442 is divided by 697.
695
Calculate the remainder when 4995 is divided by 453.
12
What is the remainder when 2316582 is divided by 57?
45
What is the remainder when 681185 is divided by 26199?
11
What is the remainder when 9420 is divided by 532?
376
Calculate the remainder when 139875 is divided by 3685.
3530
What is the remainder when 517 is divided by 246?
25
What is the remainder when 80 is divided by 31?
18
Calculate the remainder when 10606 is divided by 30.
16
Calculate the remainder when 408649 is divided by 11.
10
What is the remainder when 16190749 is divided by 250?
249
What is the remainder when 24073 is divided by 492?
457
Calculate the remainder when 636284 is divided by 48.
44
What is the remainder when 5962 is divided by 66?
22
Calculate the remainder when 84236 is divided by 547.
545
Calculate the remainder when 9115 is divided by 2731.
922
What is the remainder when 29648 is divided by 470?
38
Calculate the remainder when 6837 is divided by 342.
339
Calculate the remainder when 3750 is divided by 27.
24
Calculate the remainder when 4668 is divided by 73.
69
Calculate the remainder when 73784 is divided by 33.
29
Calculate the remainder when 8415158 is divided by 520.
518
What is the remainder when 28365 is divided by 83?
62
What is the remainder when 59906 is divided by 1671?
1421
What is the remainder when 76208 is divided by 189?
41
What is the remainder when 166158 is divided by 732?
726
What is the remainder when 2510 is divided by 231?
200
What is the remainder when 1266 is divided by 85?
76
Calculate the remainder when 6807 is divided by 110.
97
Calculate the remainder when 4473 is divided by 634.
35
What is the remainder when 4514 is divided by 260?
94
What is the remainder when 90271 is divided by 12890?
41
Calculate the remainder when 12293 is divided by 3048.
101
Calculate the remainder when 2470 is divided by 10.
0
Calculate the remainder when 8466 is divided by 73.
71
Calculate the remainder when 146954 is divided by 110.
104
Calculate the remainder when 445 is divided by 391.
54
Calculate the remainder when 4045503 is divided by 32.
31
Calculate the remainder when 53206 is divided by 77.
76
Calculate the remainder when 24862 is divided by 428.
38
Calculate the remainder when 883 is divided by 7.
1
What is the remainder when 43932 is divided by 67?
47
Calculate the remainder when 24813 is divided by 64.
45
What is the remainder when 222296 is divided by 65?
61
What is the remainder when 645 is divided by 310?
25
Calculate the remainder when 100054 is divided by 14291.
17
What is the remainder when 4269 is divided by 36?
21
What is the remainder when 946 is divided by 318?
310
Calculate the remainder when 41763 is divided by 663.
657
What is the remainder when 1358 is divided by 220?
38
Calculate the remainder when 2485 is divided by 250.
235
What is the remainder when 132 is divided by 40?
12
What is the remainder when 68155 is divided by 1136?
1131
Calculate the remainder when 46600 is divided by 18.
16
Calculate the remainder when 23059 is divided by 1662.
1453
What is the remainder when 4352 is divided by 1081?
28
Calculate the remainder when 135238 is divided by 196.
194
What is the remainder when 905 is divided by 178?
15
What is the remainder when 617784 is divided by 783?
780
What is the remainder when 23119 is divided by 123?
118
What is the remainder when 487977 is divided by 237?
231
Calculate the remainder when 9367 is divided by 12.
7
Calculate the remainder when 81295 is divided by 81280.
15
Calculate the remainder when 28413 is divided by 7101.
9
What is the remainder when 1115 is divided by 27?
8
Calculate the remainder when 406801 is divided by 1681.
1680
Calculate the remainder when 1536 is divided by 57.
54
Calculate the remainder when 365579 is divided by 362.
321
What is the remainder when 151016 is divided by 123?
95
Calculate the remainder when 33793 is divided by 272.
65
What is the remainder when 125726 is divided by 125720?
6
Calculate the remainder when 149795 is divided by 73.
72
What is the remainder when 3199 is divided by 188?
3
Calculate the remainder when 4364 is divided by 24.
20
Calculate the remainder when 6366 is divided by 20.
6
What is the remainder when 392436 is divided by 224?
212
What is the remainder when 352039 is divided by 27?
13
Calculate the remainder when 65867 is divided by 23.
18
What is the remainder when 849 is divided by 256?
81
Calculate the remainder when 59694 is divided by 8.
6
What is the remainder when 9370 is divided by 2166?
706
Calculate the remainder when 59510 is divided by 91.
87
Calculate the remainder when 51405 is divided by 10281.
0
What is the remainder when 8261 is divided by 476?
169
What is the remainder when 20557 is divided by 20547?
10
Calculate the remainder when 31684 is divided by 4520.
44
Calculate the remainder when 114322 is divided by 14.
12
What is the remainder when 437959 is divided by 14?
11
What is the remainder when 2782829 is divided by 15?
14
What is the remainder when 1478 is divided by 79?
56
Calculate the remainder when 178739 is divided by 2708.
11
Calculate the remainder when 6425 is divided by 11.
1
What is the remainder when 109677 is divided by 48?
45
Calculate the remainder when 2039 is divided by 29.
9
Calculate the remainder when 82913 is divided by 4603.
59
What is the remainder when 43701 is divided by 109?
101
What is the remainder when 846 is divided by 214?
204
What is the remainder when 38307 is divided by 13?
9
Calculate the remainder when 6519 is divided by 1303.
4
Calculate the remainder when 1044 is divided by 257.
16
Calculate the remainder when 470355 is divided by 37.
11
What is the remainder when 11445 is divided by 25?
20
Calculate the remainder when 544 is divided by 535.
9
What is the remainder when 12785 is divided by 2110?
125
Calculate the remainder when 38306 is divided by 417.
359
What is the remainder when 559079 is divided by 8?
7
Calculate the remainder when 19284 is divided by 3826.
154
What is the remainder when 17536 is divided by 122?
90
Calculate the remainder when 3127 is divided by 694.
351
Calculate the remainder when 57912 is divided by 27.
24
What is the remainder when 4089 is divided by 829?
773
Calculate the remainder when 2497 is divided by 168.
145
Calculate the remainder when 263054 is divided by 51.
47
What is the remainder when 1335 is divided by 200?
135
What is the remainder when 8409 is divided by 598?
37
What is the remainder when 1853 is divided by 115?
13
What is the remainder when 126700 is divided by 537?
505
What is the remainder when 7884 is divided by 342?
18
What is the remainder when 14143 is divided by 202?
3
What is the remainder when 2500 is divided by 195?
160
Calculate the remainder when 2599 is divided by 766.
301
Calculate the remainder when 6550 is divided by 1309.
5
Calculate the remainder when 4170 is divided by 168.
138
What is the remainder when 440269 is divided by 27?
7
Calculate the remainder when 28975 is divided by 445.
50
What is the remainder when 1000453 is divided by 1146?
1141
Calculate the remainder when 4535 is divided by 872.
175
What is the remainder when 106551 is divided by 35516?
3
Calculate the remainder when 21172 is divided by 145.
2
What is the remainder when 3086 is divided by 161?
27
Calculate the remainder when 226940 is divided by 591.
587
What is the remainder when 7835 is divided by 176?
91
What is the remainder when 14363 is divided by 44?
19
Calculate the remainder when 4981 is divided by 1357.
910
Calculate the remainder when 1717 is divided by 87.
64
What is the remainder when 2096 is divided by 700?
696
What is the remainder when 1436 is divided by 125?
61
Calculate the remainder when 3200 is divided by 154.
120
Calculate the remainder when 6288 is divided by 9.
6
Calculate the remainder when 105337 is divided by 1368.
1
Calculate the remainder when 59164 is divided by 114.
112
Calculate the remainder when 551445 is divided by 9.
6
What is the remainder when 21530 is divided by 7157?
59
What is the remainder when 9663 is divided by 125?
38
Calculate the remainder when 39458 is divided by 563.
48
What is the remainder when 535414 is divided by 188